 l?
2, 3
Let l(z) = -262*z**3 + z**2 + z. Let q be l(-1). Let j(m) = m**3 - m - 12. Let a be j(0). What are the prime factors of q/8 - (-9)/a?
2
What are the prime factors of (0 + 18846/(-12))*-2?
3, 349
Suppose -4*h = -2*x + 164, -3*x + 278 - 20 = -3*h. Suppose 2*w - k - 3*k + x = 0, -2*k = -2*w - 96. Let p = 81 + w. What are the prime factors of p?
2, 3, 5
Let a(c) = 5*c. Let t be a(0). Suppose -2*v + 5 = -3. Suppose t*l - 36 = -v*l. List the prime factors of l.
3
Suppose -169608 = -144*r - 27192. What are the prime factors of r?
23, 43
Let s(c) = c**2 - c + 1. Let j(n) = -2*n**2 + 2*n + 3. Let i(x) = j(x) + 5*s(x). List the prime factors of i(7).
2, 67
Let s = -32 + 19. What are the prime factors of (-990)/s + (-2)/13?
2, 19
What are the prime factors of (34 - 1367)/(-1 - 0)?
31, 43
Suppose -o = 2*o - 9. Suppose 0 = y + 2*z + 8, o*z = 2*y - 0*z + 9. List the prime factors of 2*4 - (3 + y).
11
Let q(a) = -a. Let d be q(-8). List the prime factors of (4/(-6))/(d/(-516)).
43
Let g = -44 + 49. Suppose 7*s - 2*s = -3*r + 137, -g*s - 25 = 0. List the prime factors of r.
2, 3
Let z(l) = 7*l + 26. Let u(s) = 1. Let k(q) = -u(q) - z(q). List the prime factors of k(-14).
71
Suppose 0 = -2*l + 3*l + 5, -3*v + 3*l = -75. Suppose 0*k + 5*k + 30 = 0. Let z = k + v. What are the prime factors of z?
2, 7
Let x(v) = v**3 + 71*v**2 + 20*v + 517. What are the prime factors of x(-70)?
3, 13, 103
Let h = -2 - -4. Suppose 8*j + 0 - 40 = 0. Let r = j - h. What are the prime factors of r?
3
Suppose 0*a - 13 = -3*c + 4*a, 5*c = 2*a + 17. Suppose -4*s = -c*q + 353, -5*s + 3*s - 464 = -4*q. What are the prime factors of q?
5, 23
Suppose 4*k + 1 = -11. What are the prime factors of 1*(-24 + k)*(-1 - 2)?
3
Suppose 417 = 3*g + 4*a - 95, -2*a - 862 = -5*g. List the prime factors of g.
2, 43
What are the prime factors of (18738/(-4))/9*180/(-54)?
5, 347
Let i be -1 + 3 + 0 - -3. Let h be (10/i)/((-6)/(-9)). List the prime factors of ((-4)/10)/(h/(-15)).
2
Let m(q) = -q**2 - 15*q - 2. Let k be m(-13). What are the prime factors of k/(-56) - 1070/(-14)?
2, 19
Let s be (-4)/10 - 7/(105/(-6)). What are the prime factors of s/(-7 - -4) - -65?
5, 13
Suppose -4*c + 34 = -2*x + 4*x, c - 3*x = 19. Let k(l) be the first derivative of l**4/4 - 3*l**3 - 5*l**2 + 7*l + 111. List the prime factors of k(c).
7
Let g(c) = -c - 13. Let j be (-26)/(4 - 6 - -4). Let s be g(j). Suppose 2*h - 5*h + 24 = s. List the prime factors of h.
2
Suppose 4*g = -x + 8272 - 1693, 5*g - 8222 = -3*x. List the prime factors of g.
5, 7, 47
Suppose 2*i - 2*f = -36, -i + 3*f + 0 = 12. Let q be (-2)/(-1) - 3 - i. Suppose -49 = -3*a + q. What are the prime factors of a?
23
Let l be 4/(3*(-4)/(-6)). Suppose m + 5*h = -7 + l, h = -3*m - 1. Suppose c + 0*c - 20 = m. List the prime factors of c.
2, 5
Let v = -573 - -1159. What are the prime factors of 2/(-3) + v/6?
97
Let g(u) = -u**3 + 5*u**2 + 6*u + 8. Let v be g(5). Suppose 7*h + v = 367. What are the prime factors of h?
47
Suppose 6*x - 12*x + 24 = 0. Suppose -8*t + 72 = -x*t. List the prime factors of t.
2, 3
Let u = 1214 + -403. List the prime factors of u.
811
Let d(c) = c**2 - 9*c + 3. Let a(j) = j**2 - 8*j + 3. Let r(f) = 3*a(f) - 2*d(f). Let l be r(14). List the prime factors of l/9 + 14/63.
13
Let h be (4/(-3))/((-2)/15). Suppose 9*n = h*n - 13. What are the prime factors of n?
13
Suppose -3*g + 24 = -5*u, -5*g + 4 = 14. What are the prime factors of u/(-42) - (-4932)/21?
5, 47
Let g(o) = 5*o**3 - o**2. Let z be g(1). Let j(c) = c**3 + 21*c**2 + 20*c + 11. Let x be j(-20). Suppose 273 = -z*w + x*w. What are the prime factors of w?
3, 13
Let f be (-3)/12 - (-1727)/(-4). Let a = -292 - f. What are the prime factors of a?
2, 5, 7
Let z = -27 - -52. Let n = -13 - 1. Let c = n + z. List the prime factors of c.
11
Suppose 118 = -4*s - 42. Let x be ((-3)/2)/(12/s). Suppose 0 = x*q - 175 + 35. What are the prime factors of q?
2, 7
Suppose 0 = 8*b + 3*b + 132. List the prime factors of (-33)/(b/4) + -1.
2, 5
Let i = -14 - 20. Let r = i + 98. What are the prime factors of r?
2
List the prime factors of 21 + -13 - -10*(-4)/(-8).
13
Let k be 0 - (-1)/1 - -28. Suppose -k = -5*d + 4*w, -3*w - 8 = -2*d + d. Suppose -8 - 7 = -d*f, 5*t - 10 = 5*f. What are the prime factors of t?
5
Suppose 3*q - 4*g = 1971, -4*q + 0*q + g = -2641. What are the prime factors of q?
661
Let s(h) = -h**2 - 11*h - 13. Let p be s(-7). Suppose 9*b - p = 4*b. Suppose -3*a + 26 = -m, -b*a - 4*m + 15 + 16 = 0. List the prime factors of a.
3
Suppose -3*h + 336 = 4*h. Let u = 84 - h. What are the prime factors of u?
2, 3
Let h(s) be the first derivative of s**4/4 + 2*s**3 + 3*s**2/2 + 7*s + 6. Suppose 0 = 5*m + 25. What are the prime factors of h(m)?
17
Let u be -2*4*(-3)/(-24). Let n = u + -26. List the prime factors of 9/n - 109/(-3).
2, 3
Let q = 392 + -273. Let f = 9 + q. List the prime factors of f.
2
Suppose 4*q - 9 = 5*q. Let f(g) = -6*g - 2. List the prime factors of f(q).
2, 13
List the prime factors of (377 + 50)*(1 + 1 - 1).
7, 61
Suppose -j + 5 = -4*l, l = -4*l + 5*j + 5. What are the prime factors of 3/15 + l*(-464)/10?
3, 31
Let s = 81 - 42. Let i = 22 + -45. Let u = i + s. List the prime factors of u.
2
Let j be 0/((40/4)/5). Suppose j = -2*z - 8, -4*h + 904 = 2*z + z. List the prime factors of h.
229
Let s(a) = a**2 + 2*a + 3. List the prime factors of s(19).
2, 3, 67
Suppose 4*b = p - 3*p + 798, -2*b = 2*p - 402. Suppose -b = -16*s + 14*s. Let j = s - 54. List the prime factors of j.
3, 5
Suppose -2*d - 13644 - 15043 = -5*r, 3*d = -5*r + 28707. What are the prime factors of r?
3, 1913
Let v(a) = a**3 + 10*a**2 + 2*a + 8. Let w = 15 + -25. Let x be v(w). List the prime factors of (1 + x)*(1 - 2).
11
Let d(s) = s**2 - 4*s - 2. Let v be d(6). Let j = v - 5. Let u = 16 + j. List the prime factors of u.
3, 7
Let t(j) = -j**2 + 7*j + 11. Let x be t(-5). Let i = 213 + x. What are the prime factors of i?
2, 41
Suppose 0 = 23*n - 17*n + 6. List the prime factors of 6 - -147 - n*2.
5, 31
Let r be (-1)/(1*(-1)/52). Suppose 3*y = 7*y - r. Suppose 0 = -3*s + 11 + y. List the prime factors of s.
2
Let s(p) = -p**2 + 8*p + 10. Let x be s(5). Let c = 29 - x. List the prime factors of c.
2
Suppose 5*f - 33 - 15 = u, u - 32 = -3*f. Let g = f + -5. List the prime factors of g.
5
Suppose -3*u = -7*u + 48. Suppose -4*a - 2*a = -u. Suppose -22 = q - a*q. What are the prime factors of q?
2, 11
Suppose 0 = 23*b - 15*b - 4176. List the prime factors of b.
2, 3, 29
Let n = 1144 + -445. Suppose -2*u - 2*u = 3*w - n, 5*u - 875 = -5*w. What are the prime factors of u?
2, 3, 29
Suppose -4*o - 19 - 133 = 0. Let d = 62 + o. List the prime factors of d.
2, 3
Let s(u) = 27*u**2 + 12*u - 30. What are the prime factors of s(-6)?
2, 3, 5, 29
Let u(z) = z - 6. Let v be u(7). Let o be 6 + 170/(-40) + (-6)/8. What are the prime factors of 34 + (v - o) + 4?
2, 19
Let v be 18 - ((-8)/(-4) + 0). Suppose 5*n - 2 = -12. List the prime factors of ((-44)/v)/(n/8).
11
Let d(y) = y**2 - 9*y + 10. Let u be d(7). Let t be (48/28)/u*-7. Suppose -9 = -2*z + t*p + 7, -z + 4*p + 13 = 0. List the prime factors of z.
5
List the prime factors of (-806)/(-30) - 386/(-2895).
3
Let w(v) = -2*v**3 + 4*v**2 + 4*v - 3. Let x be w(3). Let j(i) = i**2 - 9*i - 10. List the prime factors of j(x).
2, 19
Suppose 2*y - 57 = -y. Let o = 34 - y. Suppose -2*k = p - o, -k = -6*k - 5. What are the prime factors of p?
17
Let b(y) be the first derivative of y**3/3 - 15*y**2/2 + 49*y - 29. What are the prime factors of b(22)?
7, 29
Let n(k) = 9*k**2 + 6*k - 8. List the prime factors of n(4).
2, 5
Suppose 0*i - 44 = -2*i. Let x(w) = w**3 - 10*w**2 + 6*w + 11. Let q be x(9). Let b = q + i. What are the prime factors of b?
2, 3
What are the prime factors of (-6*1/18)/((-2)/1278)?
3, 71
Let p(n) = 388*n + 7. List the prime factors of p(2).
3, 29
Let a = -3 + 12. Suppose -a*n = -3*n - 24. What are the prime factors of n?
2
Suppose -3*x + 4*d - 34 = -5*x, 4*d = -4. Let o = x + 19. Suppose -4*z = -110 - o. What are the prime factors of z?
37
Let y(l) = -5*l - 8. Let a be y(-7). Suppose x = 10 + a. What are the prime factors of x?
37
Let d(x) be the first derivative of -x**4/4 + 6*x**2 + 13*x - 13. What are the prime factors of d(-6)?
157
List the prime factors of 